hat is the highest common divisor of 224 and o?
32
Let y = 164 - 38. Calculate the greatest common factor of y and 14.
14
Let v(b) = b**3 - 6*b**2 + 9*b - 15. Let l be v(5). Suppose -147 + 511 = l*p + 3*k, 3*p + 2*k = 218. Calculate the greatest common factor of 111 and p.
37
Suppose -6*a + 364 = -2*a. Let d = a - 87. What is the highest common divisor of 6 and d?
2
Let w(p) = p + 26. Let k be w(-15). Suppose 31 - k = 4*c. Calculate the greatest common divisor of 45 and c.
5
Let i be (-1 - 0)/((-11)/187). Let c be i - ((-15)/(-3) - 2). What is the greatest common divisor of 21 and c?
7
Let m be (3/((-3)/(-5)))/1. Suppose -3*y + 42 = -4*z, m*y = -z + 6*z + 65. Let q(g) = 24*g + 8. Let r be q(3). What is the greatest common divisor of y and r?
10
Let u be ((-264)/32 - -9)*76. Calculate the greatest common factor of 228 and u.
57
Suppose 0 = -7*i + 16 + 40. Let s(w) = -w**3 + 6*w**2 + 20*w - 8. Let a be s(i). What is the greatest common factor of a and 8?
8
Let j(x) = -6*x + 3. Let f be j(2). Let z be (-137)/f + (-14)/63. Calculate the highest common factor of z and 15.
15
Let c(g) = 5*g + 144. Let b be c(-24). What is the highest common factor of 924 and b?
12
Let b be (3 + -2)*(30/6 - 84). Let w = b - -89. Let y be (-2)/(-4) + (-38)/(-4). Calculate the highest common divisor of y and w.
10
Let u = 1270 + -1134. Calculate the greatest common divisor of u and 340.
68
Let z(g) = g**3 - 22*g - 2*g**2 - 25 + 18*g**2 + 6*g**2 - 3*g**2. Let o be z(-20). What is the greatest common factor of 105 and o?
15
Let z be (-1)/(-3) + 9/(-27). Suppose z = -7*m + 3*m + 672. Let g be (-84)/10*(-6 + (-21)/(-6)). Calculate the highest common divisor of m and g.
21
Let n(v) = v**2 + 6*v - 7. Let a be n(5). Calculate the greatest common factor of a and 84.
12
Suppose 2*f - 32 = 2*t, -3*t + 6*t + 38 = 5*f. Let m be (25 + t)/(1/17). Calculate the highest common factor of m and 4.
4
Suppose 4*p + 4*v = 72, 3*p + 3*v - 54 = 2*v. Calculate the greatest common divisor of p and 2.
2
Let j(x) be the third derivative of 1/8*x**4 + 0 + 1/6*x**3 + 0*x + 5*x**2. Let l be j(1). Calculate the greatest common divisor of 28 and l.
4
Let f = 148 + -134. Calculate the highest common factor of f and 182.
14
Suppose 2*w = -1 - 1. Let i(j) = -14*j**3 - 73*j - 1 + 71*j - 12*j**3. Let x be i(w). Calculate the highest common divisor of 3 and x.
3
Let r = -73 + 41. Let v be r/176 - 211/(-11). Calculate the greatest common divisor of 57 and v.
19
Let g = -354 + 252. Let b = g + 192. Calculate the highest common factor of b and 30.
30
Let a = -43 + 32. Let v = a + 206. Calculate the greatest common divisor of v and 78.
39
Let k be -1 + -2 - -1 - 4 - -3. Let m be k + 258/9 - 2/3. What is the greatest common divisor of m and 15?
5
Suppose 19*q - 710 = 4002. What is the highest common factor of q and 31?
31
Let a(v) be the first derivative of 2*v**3/3 - 5*v**2/2 - 8*v + 6. Let i be a(-4). What is the highest common factor of i and 11?
11
Suppose 0*t + t = 2*i + 12, -t + 22 = -4*i. What is the greatest common factor of 28 and t?
2
Suppose -c = 5*q + c - 12, -3*q + 1 = -5*c. Let j be (3 - 5/q)*2. Let g be (22 - j) + (-1 - -2). What is the greatest common divisor of 22 and g?
22
Let r be ((-10)/(-5))/((-1)/(-2)). Suppose 70 = -r*j + 2*w, -2*j + w + 29 = -4*j. Let m = 37 + j. What is the greatest common factor of m and 7?
7
Suppose 3*u - 3 = 0, -d = -2*d + u + 22. What is the greatest common factor of 23 and d?
23
Let n = -13 + 13. Suppose n = -9*f + 11*f. Suppose p + 1 = -4*b, -5*p + f*b = -b - 16. What is the highest common factor of p and 9?
3
Suppose -150 = -4*l - l. Let k = -6 + -14. Let g = k + l. What is the highest common divisor of g and 70?
10
Suppose 35 = -l + 6*l. What is the greatest common factor of l and 70?
7
Let u be (506 - -2) + (-440)/110. Calculate the greatest common factor of 28 and u.
28
Let s = 61 - 60. Let u be (-427)/(-7) - (s - 4). What is the highest common divisor of 16 and u?
16
Let s be (-270)/(-81)*846/10. What is the highest common divisor of s and 94?
94
Let x(b) = -b**3 - 2*b**2 - 8*b - 10. Let p be x(-2). Calculate the highest common factor of 57 and p.
3
Suppose 8*p = 11*p - 90. What is the greatest common factor of p and 42?
6
Let d = -275 - -458. What is the highest common divisor of d and 122?
61
Let q = -191 + 200. Let i = 209 - 86. Let d = i + -87. What is the highest common divisor of q and d?
9
Suppose 2*s = -5*l + 106, 4*s - 26 = -4*l + 54. Suppose 5*o - l = -i, -5*i + 4*o = 8 - 2. What is the highest common divisor of 16 and i?
2
Suppose 3*a + 12 + 15 = 0. Suppose 6*b - 3*b = 48. Let n = b + a. Calculate the highest common factor of 7 and n.
7
Let r be (29 - 74) + 0 + -2*1. Let z = r - -49. Calculate the greatest common factor of 3 and z.
1
Let m = 9 - 7. Suppose -g - 79 = -m*g. Suppose i + 3*q - g = 0, -5*i + 2*q - 250 = -696. What is the highest common factor of i and 11?
11
Let i be 113596/252 - (-4)/18. Calculate the highest common divisor of 11 and i.
11
Let o = 36 + -33. Suppose -3*q + o*f + 12 = 0, f - 14 - 17 = -4*q. What is the greatest common divisor of 63 and q?
7
Suppose -2*k + 84 = -0*k. Let i = 4 - 0. Suppose 6*p - 118 = -i*w + 4*p, -127 = -4*w - 5*p. What is the highest common divisor of w and k?
14
Let j = 296 - 280. What is the highest common factor of 656 and j?
16
Let r(h) = -2*h + 0*h + 46*h**2 + 17*h**2 + 4*h. Let z be r(2). What is the highest common factor of 32 and z?
32
Suppose -l = 3*l - 36. Suppose 6 = 2*z, -2*v - 2*z = 3*v - 591. What is the greatest common factor of l and v?
9
Suppose -2*d - 1220 = k, 4*d = 4*k - 0*k + 4904. Let y be ((-2)/6)/(8/k). Suppose 4*b = y + 53. What is the highest common divisor of b and 13?
13
Suppose -25*k - 51 = -176. Calculate the highest common divisor of k and 7.
1
Let h = 20 - 0. Suppose 0 = -0*t + 2*t - h. Calculate the greatest common divisor of 20 and t.
10
Suppose 5*y + 752 = x, -3*x - y + 865 = -1471. What is the greatest common factor of x and 222?
111
Suppose 48 = -289*w + 293*w. What is the highest common factor of 180 and w?
12
Let n = -3 + 12. Let f be 66/n*4*3. Let k = 88 + f. What is the highest common factor of k and 16?
16
Suppose -6072 = -21*b + 1047. Calculate the greatest common divisor of b and 1243.
113
Let v = 1928 - 1752. Let k(p) be the third derivative of -5*p**4/24 + p**3/6 - p**2. Let u be k(-3). Calculate the greatest common factor of v and u.
16
Suppose 155*h - 5*p = 156*h - 32, -3*h + 44 = 2*p. What is the greatest common factor of h and 81?
3
Suppose 168 = 2*j + 68. What is the greatest common factor of 50 and j?
50
Let z = -3 + -1. Let r = 41 + -14. Let o be 1*z/2 + r. What is the highest common divisor of 25 and o?
25
Let l = -181 - -321. Let j be 12/(-10)*l/(-126)*12. Calculate the greatest common factor of j and 80.
16
Let k be 4 - (3 - -17)/5. Suppose 2*n - 55 = -5*v, -5*v + 3*v - 3*n + 33 = k. Calculate the highest common divisor of 9 and v.
9
Let k = -24 + 30. Let x(l) = -l + 11. Let y be x(k). Calculate the greatest common divisor of 55 and y.
5
Suppose -4 = 4*v - 0, -h - v + 14 = 0. Let f = 18 + -9. Suppose -f*x + 18 = -9. Calculate the greatest common factor of h and x.
3
Suppose 26*m - 5*m = 17640. What is the greatest common factor of 35 and m?
35
Let y(m) = -m**2 + 27*m + 10. Let h be y(26). What is the greatest common factor of 342 and h?
18
Let f be 1/((4/30)/(22/33)). Let y = 85 + f. Let p = 20 - 10. Calculate the greatest common factor of p and y.
10
Let y be (-11840)/(-74) + (2 - 2)/2. Calculate the greatest common divisor of 180 and y.
20
Let z = -108 + 62. Let u be (-7)/(-14) - z/4. Suppose -6*b = -3*b - 12. What is the greatest common divisor of b and u?
4
Let s(t) = -49*t + 13. Let q be s(13). Let h = -379 - q. Calculate the greatest common divisor of 35 and h.
35
Suppose 3*i - 34 - 20 = 0. Suppose 5*t - 2*w = 2*w + 71, 0 = 2*t + w - i. Let j be -1 + -3*244/(-6). What is the highest common factor of j and t?
11
Suppose 2*q - 3*c = -14 + 111, 0 = q - 2*c - 50. Let o be -1*1*792/(-12). Calculate the highest common factor of o and q.
22
Suppose 0 = 2*s + 2*h - 36, 0 = 2*s - 3*h - 31 + 10. Let o = 387 - 222. What is the greatest common factor of s and o?
15
Let u(d) = d**3 - 5*d**2 - 5*d - 6. Let l be u(6). Suppose l = -2*c - 3*a + 84, -3*c +